at is the units digit of c?
7
What is the units digit of 177/((-3)/(-1)) - 1?
8
Suppose 5*x = -25, -5*x - 13 = -0*s + 3*s. Suppose -s*a + 306 - 102 = 0. What is the units digit of a?
1
Let p(n) = 2*n + 2*n + 5 + 3*n - 4*n. Let y(h) = -2*h - 6. Let k(d) = 4*p(d) + 5*y(d). What is the tens digit of k(10)?
1
Suppose 7*z = 4*z + 252. What is the tens digit of z?
8
What is the tens digit of 8/32 - (-246)/8?
3
Let t be 8/(-6)*(3 + -6). What is the tens digit of -21*(0 + -5 + t)?
2
Suppose -5*d + 5*t - 122 + 587 = 0, 4*t - 162 = -2*d. What is the tens digit of d?
8
Let h(v) = 2*v + 9. Suppose -28 = -5*j + j. What is the units digit of h(j)?
3
Suppose -q + 3 = -1. What is the units digit of ((-3)/q)/(6/(-48))?
6
Let k(c) = 4 - 8*c**2 + 2*c**2 + 3*c**2 - c**3 + 4*c - 2. What is the units digit of k(-4)?
2
Let z be ((-10)/6)/(2/(-6)). Suppose -5*d + 3*i = -23 - 69, z*i = 2*d - 52. Suppose 0 = 4*c - 2*c - d. What is the units digit of c?
8
Let o(y) = y**3 - 9*y**2 - y + 11. Let q be o(9). Suppose 3*x - 16 = -q*f - 5, -5*x + 4*f = 11. What is the units digit of x?
1
Let j(s) = -3*s - 4*s + 0*s + 2. Let z be j(-2). What is the units digit of z/(-6)*(-6)/4?
4
Suppose -2*t - 1 = 3. What is the units digit of 32/((-9)/(-3) + t)?
2
Let x(l) be the second derivative of -l**4/12 + 2*l**3/3 - 3*l**2/2 - l. Let c be x(3). What is the units digit of 0 - (c + -8) - -3?
1
Let u(k) = -k**2 + 3*k - 1. Let p be u(6). Let n = 29 + p. What is the tens digit of n?
1
Suppose 2*r = 2*q + 24, 2*r - 18 = 4*q + 4*r. What is the units digit of (-58)/q + 4/(-14)?
8
Let s = -147 + 311. What is the units digit of s?
4
Let g = 42 - 18. What is the units digit of g?
4
Let p(q) = q**2 - 6*q + 1. Suppose 2*z + 3*z = 40. What is the tens digit of p(z)?
1
What is the units digit of (-16)/(-4) - 4 - -36?
6
Let k(h) = -h**3 + 11*h**2 - 12*h + 5. Let i be k(10). Let g = i + 20. What is the units digit of g?
5
Let g(q) = -3*q**2 - 6*q - 3. Let u be g(-4). Let b = 46 + u. What is the units digit of b?
9
Suppose -13*c = -c - 12. What is the units digit of c?
1
What is the hundreds digit of 42/(-9)*5*54/(-4)?
3
What is the units digit of (-8)/(-28)*7 + 0 + 7?
9
Let t be 1197/76 - 6/8. What is the tens digit of (-6)/(((-4)/t)/2)?
4
Let x = 16 + 5. Let g = -10 + x. What is the units digit of g?
1
Let t be (2 + 0/3)*2. Suppose t*v = -5*k - 25, -5*v + 10 = -5*k - 15. Suppose 5*z = 3*a - v*a - 5, -z + 35 = 3*a. What is the tens digit of a?
1
Let h = -5 + 6. Let t be (-10 - -5)/(h/2). What is the units digit of t/(-1)*21/35?
6
Let j(d) = 9*d. Let r be j(-1). What is the units digit of (-6)/(-4)*(-12)/r?
2
Let u = 5 + -7. Let h(j) = -j**3 - 2*j**2 + 2 + 0*j + 0*j. What is the units digit of h(u)?
2
Let u = 14 - 5. What is the units digit of u?
9
Let v(i) = i**2. Let o be v(0). Suppose 5*c = -0*d - d, o = -d - c + 20. What is the units digit of d?
5
Let h(g) = -g**2 - 12*g - 1. Let u be h(-8). Let o = u + -52. What is the units digit of -3 - (o*1 - -3)?
5
Let r(l) = l**2 + 6*l + 1. What is the tens digit of r(-8)?
1
Let z(j) be the second derivative of -j**4/12 + 3*j**3/2 + 3*j**2/2 + 2*j. What is the tens digit of z(7)?
1
Let v(q) be the first derivative of q**3/3 + q**2/2 - q + 2. Let u be v(-2). What is the units digit of (u/2)/((-2)/(-4))?
1
Let a = 30 + -10. Let i be 3/3 + -1 - a. Let k = i - -34. What is the tens digit of k?
1
Suppose 0*d = 4*g - d - 8, 2*g - 2*d - 4 = 0. Suppose 0 = -g*i + 4*o + 26, 5*i - 121 = -0*i - 4*o. What is the units digit of i?
1
Suppose 0 = -62*l + 63*l - 266. What is the hundreds digit of l?
2
Let l = -31 + 63. What is the units digit of l?
2
Let l be ((-2)/4)/((-2)/8). Let c(r) = -2*r**3 - 3*r**2 + r. Let n be c(-3). Suppose l*q = 5*q - n. What is the units digit of q?
8
Let u(r) = -5*r**2 + 2*r - 7. Let t(o) = 4*o**2 - 3*o + 6. Let l(y) = -4*t(y) - 3*u(y). Let s be l(6). What is the units digit of (s/(-3))/((-2)/(-4))?
2
Let a(l) = -2*l + 38. What is the units digit of a(0)?
8
Let a(v) = -2*v + 10. Let m be a(7). Let w = -3 - m. What is the units digit of w?
1
Suppose 5*p = -p + 204. Let s = 59 - p. What is the tens digit of s?
2
Let h = -89 - -138. What is the units digit of h?
9
Let f(u) = 4*u**3 + u**2 - 1. Let n be f(-1). Let t be 14 + n*2/(-4). Suppose 0 = 4*r - 2*r - t. What is the units digit of r?
8
Suppose 2*l = 2*s + l - 18, 2*s + 5*l + 6 = 0. Let v = s + -4. Suppose -5*p - v*m + 0*m = 0, 2*p = -m + 1. What is the units digit of p?
3
Suppose c + 2 = -0*c. Let i = c + 5. What is the units digit of i?
3
Let p(z) = -11*z + 3. What is the tens digit of p(-2)?
2
Let v = -110 - -219. What is the hundreds digit of v?
1
What is the tens digit of 12/3*(-116)/(-8)?
5
Suppose -g = 5*m - 14, 2*g = 2*m + 2*m. Let j(l) = l**3 - 3*l**2 + 3*l. Let q be j(3). Suppose 0*o + 2 = -o - g*r, -q = -5*o - r. What is the units digit of o?
2
Suppose -5*h - 157 = -522. What is the units digit of h?
3
Let a(v) = -320*v. What is the units digit of a(-1)?
0
Let g = -63 + -8. Let s be g/4 - (-1)/(-4). Let o = -9 - s. What is the units digit of o?
9
Let i be 1/(-2) - 97/(-2). Suppose 0 = 4*y - b - 16, 14 = 2*y - 3*b + 4*b. Suppose i = -2*p + y*p. What is the tens digit of p?
1
Let t be (-1 + (-66)/(-4))*-2. Let y = -18 - t. What is the tens digit of y?
1
Suppose -n - 4*w = -0*w - 47, 4*n - 3*w = 150. What is the tens digit of n?
3
Let o(i) = 18*i**3 + 2*i + 1. What is the hundreds digit of o(2)?
1
Let b(w) = -w**3 - 4*w**2 + 2. Let o be b(-4). Let c be 6/(-4)*o + 3. Suppose -4*m + 3*m + 7 = c. What is the units digit of m?
7
What is the units digit of 213/9 + (-2)/(-6)?
4
Let s(z) = z**2 + z + 1. What is the tens digit of s(-6)?
3
Let b(i) be the second derivative of -i**5/20 + i**4/6 + i**3/3 - i**2 - i. Let p be b(-2). Let x = p + 9. What is the units digit of x?
9
Suppose v - 17 = 12. What is the tens digit of v?
2
Let c = -16 + 58. Suppose c = -0*p + 2*p. What is the tens digit of p?
2
Suppose -5*r + 13 = -2. Suppose r*k + 55 = 8*k. What is the units digit of k?
1
Suppose -5*v - 4 + 14 = 0. Suppose 4*w - v*x + 3*x - 62 = 0, 0 = -x + 2. What is the units digit of w?
5
Let p(a) = -a**2 + 35*a + 58. What is the units digit of p(31)?
2
Let j = 527 - 181. What is the hundreds digit of j?
3
Let f = 18 + -13. Suppose -8 - f = -h. What is the units digit of h?
3
Let j be 96/10 + 2/5. Let y = j - 3. What is the units digit of y?
7
What is the units digit of 2/8 + 135/20?
7
Let h(r) = r**3 + 24*r**2 - 6*r + 77. What is the units digit of h(-24)?
1
Let v(f) = f**3 - 4*f**2 - 8*f - 4. What is the units digit of v(7)?
7
Suppose 3*j - 69 = -a, 3*a + 0*j = 5*j + 137. What is the tens digit of a?
5
Let k be ((-2)/(-4))/((-2)/(-52)). Let h = k - 19. What is the units digit of 2 + -5 + 0 - h?
3
Suppose 0 = o + 3*o - 24. Let h be 4/((-2)/o + 0). What is the units digit of (-1)/(-2)*h/(-2)?
3
Suppose -c - 24 = 3*c. What is the tens digit of (-2)/(c/51)*2?
3
Let p = 128 + 1. What is the hundreds digit of p?
1
Suppose 2 - 8 = -3*w. Suppose -q = -5*m - w*q + 1, -q = m + 3. What is the units digit of m?
1
Let k be ((-2)/3)/(3/(-45)). What is the units digit of 234/k - 3/(-5)?
4
Let z be (0 - 1)*(3 + -11). Suppose -4*u + z + 0 = 0. What is the units digit of u?
2
Suppose 9*q + 342 = 1836. What is the tens digit of q?
6
Suppose 7*z - 455 = 560. What is the units digit of z?
5
Suppose -4*k - 6 = 2*x, 0 = -3*x + k - 6*k - 6. Suppose r - 16 = -x*r. Suppose -5*t = 5*h - 40, -5*t + 12 + r = 3*h. What is the tens digit of h?
1
Let c(a) = -26*a - 1. Let y be c(-1). Suppose l - y - 1 = 0. Suppose 5*g - n + 0*n = l, -7 = -g + 2*n. What is the units digit of g?
5
What is the units digit of 295 + -41 - 1*5?
9
Let g = -3 - 11. Let t be 2/(3/4 - 1). Let s = t - g. What is the units digit of s?
6
Suppose 2*p + 5 = 3*p. What is the units digit of p?
5
Let y(v) = -3*v + 23. What is the units digit of y(0)?
3
Suppose -3*u = 2*u + 65. Let i = u + 26. What is the tens digit of i?
1
Let v = 139 - 118. What is the tens digit of v?
2
Let m(c) = 10*c + 5. What is the units digit of m(5)?
5
Suppose -3*c - c = -8. Suppose g + c*h - 26 = -11, 5*h = g - 36. Suppose 5*j = 14 + g. What is the units digit of j?
7
Suppose 5*f - 21 = -3*i, 8*i = 4*i - 5*f + 23. Let z(m) = -8*m**i + 4*m - 6*m - m**3 + 4 + 4*m**2. What is the units digit 